units digit of m + -5 + 3 - (-515 + 2)?
4
Let k be (-5 + 5 + 7)*(-1 + 2). Let b be 105/10*1608/14. Suppose -k*g + g = -b. What is the hundreds digit of g?
2
Suppose 0 = -13*z + 14*z + 22. Let o(w) = -18*w + 195. What is the tens digit of o(z)?
9
Let q(v) = v**3 + 11*v**2 + v + 27. Let d be q(-11). What is the tens digit of (10/((-180)/459))/((-3)/d)?
3
Let i = 53 - 49. Let l be 5 + (-726)/(-10) - i/(-10). Let h = l - 30. What is the tens digit of h?
4
Let g = -1608 + 10272. What is the thousands digit of g?
8
Let n(t) = -7 - 9*t - 312*t**3 + 310*t**3 + 2*t**2 - 4*t**2. Let c be n(-4). Let f = c - -55. What is the hundreds digit of f?
1
Suppose -4*r - 8*b - 1693 = -5*b, 0 = 2*b + 6. Let k = -295 - r. What is the tens digit of k?
2
Let t(m) = 9*m - 5. Suppose 3*f + 2 = -3*q + 5, 0 = 4*q + 5*f - 9. Let u be ((-2)/(-6))/(q/(-132)). What is the units digit of t(u)?
4
Let s = -29 + -15. Let w = -23 - s. What is the units digit of 36/w + -2 + 2538/63?
0
Let l(v) = -v**3 - 2*v**2 + 5*v + 11. Let d be l(0). Suppose s - 50 = -d. What is the tens digit of s?
3
Suppose 5*x - 5*f - 16063 = -72308, 3*f + 33717 = -3*x. What is the hundreds digit of ((-8)/16)/(2*3/x)?
9
Let a = -44 + 47. Suppose 4*v - 6*v - 1951 = -3*o, 3*o = a*v + 1956. What is the tens digit of o?
4
Let x(z) = z**2 + 4*z - 43. Let n be x(-9). Suppose -2*k + 7*k = 0, -n*f - k + 272 = 0. What is the tens digit of f?
3
Let x(z) = -822*z - 2606. What is the ten thousands digit of x(-20)?
1
Let h(b) = 2*b + 19. Let v be h(-6). Suppose -3*p + 2*p = v. Let a(d) = -d**3 - 8*d**2 - 15*d. What is the tens digit of a(p)?
5
Let p(u) = -u**3 + 8*u**2 + 12*u - 27. Let a be p(9). Let f be (-8 - a)*((-10)/4 + -1). Suppose 0 = w - f - 93. What is the tens digit of w?
2
Let x = -5976 + 8404. Let m = x + -1262. What is the units digit of m?
6
Let a(d) = -4*d - 10. Let u be 2 + (4/(-12))/(1/15). Let l be a(u). Suppose l*o - 5*c - 169 = 0, -o + 2*o = -5*c + 62. What is the units digit of o?
7
Suppose 4*f - 2*x - 1356 = 0, x - 329 = -f + 13. Suppose -f = -g + 4*n, 3*g - 591 - 480 = -5*n. What is the units digit of g?
2
Suppose -4*j - 4 = 0, 2*w + 0*j = -4*j - 358. Let h = w - -927. What is the hundreds digit of h?
7
Suppose -n + 2*b - 6 = 0, 14 = -n + 4*b + 4. Let d be (n/3)/(2/573). Let a = -73 - d. What is the hundreds digit of a?
1
Suppose -2*o - 40 = -242. Suppose 0 = -3*p + o + 103. Let s = p + -34. What is the tens digit of s?
3
Let t = 7376 + 24853. What is the thousands digit of t?
2
Let s = -239 - -8313. What is the thousands digit of s?
8
Let g(r) = -r + 9. Let p(n) = n - 9. Let b(q) = 7*g(q) + 6*p(q). Let x be b(-21). Suppose -5*h = -7*h + x. What is the units digit of h?
5
Suppose 0 = -18*o + 13*o + 12535. Suppose -3*q - 511 = -p - 0*q, 5*p - o = 3*q. What is the hundreds digit of p?
4
Let i(a) = -245*a + 3993. What is the tens digit of i(0)?
9
Let a(i) = -211*i**3 + 2*i**2 - i. Let m be a(1). Let d = m + 137. Let h = 44 - d. What is the hundreds digit of h?
1
Let k(v) = 5*v**2 + 135*v - 1302. What is the units digit of k(68)?
8
Suppose -204*d + 200*d = -344. Let r = -44 + d. What is the units digit of r?
2
Suppose 622*q - 4*y = 625*q - 137345, -32 = -4*y. What is the units digit of q?
1
Let n = 122 - 117. Suppose -n*v + 4*v = -372. What is the units digit of v?
2
Suppose 5*z + 1029 = 9639. Suppose 4*o - 1388 = 2*b, 10*b - 6*b - z = -5*o. What is the units digit of o?
6
Let y = 406 + -402. Suppose -5*k = -5*p - 5615, -8 = -2*p + y*p. What is the thousands digit of k?
1
Let d be (-242150)/225 - (-2)/9. Let w = d - -1773. What is the tens digit of w?
9
Let v be 21/6*(-12)/18*3. Let l(d) = d**3 + 11*d**2 - 44. What is the hundreds digit of l(v)?
1
Suppose 40*m = 38*m + 34. Suppose 0 = m*v - 16*v - 505. Suppose 6*l + 3*f = l + v, 109 = l - f. What is the units digit of l?
4
Let y(s) = -1234*s - 2665. What is the thousands digit of y(-9)?
8
Let s be 2*4/(-48) - (-62)/12. Suppose 3*v = s*j + 45, 5*j + 36 = j + 3*v. What is the tens digit of ((-9)/j)/(((-8)/154)/(-4))?
7
Let o(y) = y**3 + 14*y**2 + 28*y + 5. Let c be o(-10). Let r = c + -211. Let f = r - -264. What is the hundreds digit of f?
1
Let g(r) = -5*r**3 + 25*r**2 - 3*r - 6. Let m(b) = 11*b**3 - 54*b**2 + 7*b + 12. Let o(h) = 9*g(h) + 4*m(h). What is the tens digit of o(-3)?
9
Suppose 0 = 4*m - 5*x - 50880 - 22947, 3*m + 3*x = 55350. What is the hundreds digit of m?
4
Let o = -662 + 505. Let a = 203 + o. What is the tens digit of a?
4
Let t = -76 - -81. Suppose 5*u + 2*h - 563 = 0, -3*h + 567 = -t*u + 10*u. What is the tens digit of u?
1
Let j = -53 + 102. Suppose 0 = -j*q + 44*q + 10. Suppose -3*h = -2*i + 13, q*i + 2*h = 7*i - 16. What is the units digit of i?
2
Suppose 0 = -2*o + 8, 2*j = 3*j + 5*o - 21. What is the units digit of ((-3036)/(-28) - -5)/(j/14)?
8
Let v(p) be the first derivative of -321*p**2 + 5*p - 54. What is the tens digit of v(-1)?
4
Let w = 9882 - -5842. What is the units digit of w?
4
Suppose 5 = 4*o + m - 7, 8 = 2*o + m. Suppose -o*s - 3*s + 3*k = -1703, -k - 681 = -2*s. What is the tens digit of s?
4
Suppose 32*a = -15*a + 142*a - 3993800. What is the ten thousands digit of a?
4
Suppose 2*a + 3*o - 23 = -0*o, 0 = -a - o + 9. Suppose 2*n - 244 = -m, m = -n + a*n + 264. Suppose 0 = 19*x - 15*x - m. What is the tens digit of x?
6
Suppose -w - 44540 = -7*d, -9219 = 3*d - 5*w - 28335. What is the hundreds digit of d?
3
Suppose n - 180 = -4*c, -4*n - c + 746 = 2*c. Suppose -t + n = 2*g + 3*g, -4*g + 191 = t. What is the units digit of t?
3
Let h = 55 - 50. Suppose 2*z = h*o - 19, 4 = 5*z + 3*o + 5. What is the units digit of ((-27)/12 - z) + (-154)/(-8)?
9
Let a(f) = f**3 + 7*f**2 - 6*f - 5. Let t be a(-6). Let c = 634 - t. What is the units digit of c?
7
Let t(h) = -2*h**3 - 11*h**2 + 20*h - 1. Let w be t(-7). Let v(m) = 3*m**3 + 2*m**2 - 8*m - 5. What is the hundreds digit of v(w)?
6
Suppose -5*p + 5*i + 45 = 0, 2*p = -0*p + i + 19. Suppose 28833 = p*d + 11*d. What is the tens digit of d?
7
Let k(g) = g**3 - 8*g**2 - 20*g + 6. Let r be k(10). Suppose 0 = 5*p + r*p - 319. What is the units digit of p?
9
Let r = -13 + -132. What is the units digit of 132/(-858) - 262*r/26?
1
Let c = -55 + 73. Suppose 20*g - c*g - 1158 = 0. What is the tens digit of g?
7
Let a = 31 + -43. Let i be 2/8 - (-3)/a. Suppose -2*q + 14*q - 1332 = i. What is the units digit of q?
1
Let n(c) = 207*c**2 - 111*c - 67. What is the thousands digit of n(-11)?
6
Let j be 0/(0/(-1) + (-24 - -23)). Suppose j = -9*m + 13*m - 1916. What is the units digit of m?
9
What is the thousands digit of ((-11418823)/1014 + 2*(-1)/(-12))*-1?
1
Let d be (3/6)/((-1)/(-16)). Let y(u) = -1 + 2 + 1 - 2*u + 11*u. What is the tens digit of y(d)?
7
Let z(f) = 1265*f - 41. Let u be z(5). Suppose -u = -4*x - 32*b + 36*b, 1546 = x + 4*b. What is the units digit of x?
6
Suppose 350*f - 773100 = 260*f. What is the tens digit of f?
9
Let q = 14573 - 7653. What is the hundreds digit of q?
9
Let x = -89 - -575. Suppose x = -5*s + 3171. What is the units digit of s?
7
Let c(p) = p**3 - p**2 - 11*p + 16. Let n be c(3). Let l(g) = 947*g**2 + 6*g - 8. What is the tens digit of l(n)?
4
Let j = 43642 - 24599. What is the units digit of j?
3
Suppose 3*i + 37 = 43. Let w(y) = 40*y + 8702 + 5*y**i - 12*y - 8668. What is the hundreds digit of w(-10)?
2
Suppose -25*t + 416 + 84 = 0. Suppose -2*s + 14 = t, 1851 = 5*n + 3*s. What is the hundreds digit of n?
3
Suppose -552*v + 547*v + 10 = 0. Suppose 0*o - 2*o = v*u - 2324, o = 1. What is the tens digit of u?
6
Let x be 4 + 1 + -7 - -1. Let o be (44/16 + x)*(-48 + 0). Let l = -54 - o. What is the units digit of l?
0
Suppose 137*n - 21 = 133*n - 5*w, -5*w + 5 = 0. Let y(l) = 3*l**2 - l + 1. Let p be y(3). Suppose p*k - 24*k = n. What is the units digit of k?
4
What is the hundreds digit of -1461*2/(1 + 3 - (-68)/(-14))?
4
Suppose -795 - 181 = -4*p. Suppose -2*x - 3*r + 209 = -279, 0 = x - 4*r - p. What is the hundreds digit of x?
2
Let a be 30 + (2 - 1)/(20/(-40)). Suppose 4717 = -a*q + 34425. What is the thousands digit of q?
1
Let r(s) = -s**3 + 81*s**2 + 373*s + 106. What is the tens digit of r(84)?
7
Let a(z) = z**3 - 13*z**2 - 40*z - 20. Let p be a(16). Suppose 126 = 18*n - p. What is the units digit of n?
3
Suppose -40306 - 54298 = 67*l. Let u =